{"id":37,"date":"2019-07-01T00:01:42","date_gmt":"2019-06-30T22:01:42","guid":{"rendered":"http:\/\/bwi.home.pl\/przedszkole4\/wordpress\/?page_id=37"},"modified":"2026-04-07T15:10:14","modified_gmt":"2026-04-07T13:10:14","slug":"kadra","status":"publish","type":"page","link":"https:\/\/www.przedszkole4.bwi.pl\/index.php\/o-przedszkolu\/kadra\/","title":{"rendered":"Kadra"},"content":{"rendered":"<div id='gallery-1' class='gallery galleryid-37 gallery-columns-3 gallery-size-full'><figure class='gallery-item'>\n\t\t\t<div class='gallery-icon landscape'>\n\t\t\t\t<a href='https:\/\/www.przedszkole4.bwi.pl\/wp-content\/uploads\/2025\/10\/1000046303-2-1024x576.jpg' title=\"\" data-rl_title=\"\" class=\"rl-gallery-link\" data-rl_caption=\"\" data-rel=\"lightbox-gallery-1\"><img width=\"2560\" height=\"1441\" src=\"https:\/\/www.przedszkole4.bwi.pl\/wp-content\/uploads\/2025\/10\/1000046303-2-scaled.jpg\" class=\"attachment-full size-full\" alt=\"\" loading=\"lazy\" srcset=\"https:\/\/www.przedszkole4.bwi.pl\/wp-content\/uploads\/2025\/10\/1000046303-2-scaled.jpg 2560w, https:\/\/www.przedszkole4.bwi.pl\/wp-content\/uploads\/2025\/10\/1000046303-2-300x169.jpg 300w, https:\/\/www.przedszkole4.bwi.pl\/wp-content\/uploads\/2025\/10\/1000046303-2-1024x576.jpg 1024w, https:\/\/www.przedszkole4.bwi.pl\/wp-content\/uploads\/2025\/10\/1000046303-2-768x432.jpg 768w, https:\/\/www.przedszkole4.bwi.pl\/wp-content\/uploads\/2025\/10\/1000046303-2-1536x864.jpg 1536w, https:\/\/www.przedszkole4.bwi.pl\/wp-content\/uploads\/2025\/10\/1000046303-2-2048x1153.jpg 2048w, https:\/\/www.przedszkole4.bwi.pl\/wp-content\/uploads\/2025\/10\/1000046303-2-960x540.jpg 960w\" sizes=\"(max-width: 2560px) 100vw, 2560px\" \/><\/a>\n\t\t\t<\/div><\/figure>\n\t\t<\/div>\n\n<p>Dyrektor: mgr. Marta Mikulska<\/p>\n<p>Grupa S\u0142oneczka wychowawcy:<br \/>\nmgr. Katarzyna Reczek<br \/>\nmgr. Marta Mikulska<\/p>\n<p>Grupa Biedronek wychowawcy:<br \/>\nmgr. Anna Mika<br \/>\nmgr. Magdalena Broszkiewicz<\/p>\n<p>Grupa Krasnali wychowawcy:<br \/>\nmgr. Justyna Sta\u0144czyk<br \/>\nlic. Maria Struzik<\/p>\n<p>Grupa Kubusi wychowawcy:<br \/>\nmgr. Bogumi\u0142a Jedynak<br \/>\nmgr. Joanna Zych<\/p>\n<p>Grupa Plastui wychowawcy:<br \/>\nmgr. Karolina Su\u0142kowska<br \/>\nmgr. Katarzyna Gw\u00f3\u017ad\u017a<\/p>\n<p>Pomoc nauczyciela:<br \/>\nTeresa Put<br \/>\nMonika Figiel<\/p>\n<p>Pedagog Specjalny: mgr. Edyta Stempak<br \/>\nTerapeuta pedagogiczny: mgr. Karolina Su\u0142kowska<br \/>\nPsycholog: mgr. Karolina Nie\u0107<br \/>\nLogopeda: mgr. Agnieszka Grys<br \/>\nIntendent: Ewelina Pasierb<\/p>\n","protected":false},"excerpt":{"rendered":"<p>Dyrektor: mgr. Marta Mikulska Grupa S\u0142oneczka wychowawcy: mgr. Katarzyna Reczek mgr. Marta Mikulska Grupa Biedronek wychowawcy: mgr. Anna Mika mgr. Magdalena Broszkiewicz Grupa Krasnali wychowawcy: mgr. Justyna Sta\u0144czyk lic. Maria Struzik Grupa Kubusi wychowawcy: mgr. Bogumi\u0142a Jedynak mgr. Joanna Zych Grupa Plastui wychowawcy: mgr. Karolina Su\u0142kowska mgr. Katarzyna Gw\u00f3\u017ad\u017a Pomoc nauczyciela: Teresa Put Monika Figiel <a href=\"https:\/\/www.przedszkole4.bwi.pl\/index.php\/o-przedszkolu\/kadra\/\" class=\"more-link\">Czytaj dalej...<span class=\"screen-reader-text\"> \"Kadra\"<\/span><\/a><\/p>\n","protected":false},"author":1,"featured_media":0,"parent":9,"menu_order":0,"comment_status":"closed","ping_status":"closed","template":"","meta":[],"_links":{"self":[{"href":"https:\/\/www.przedszkole4.bwi.pl\/index.php\/wp-json\/wp\/v2\/pages\/37"}],"collection":[{"href":"https:\/\/www.przedszkole4.bwi.pl\/index.php\/wp-json\/wp\/v2\/pages"}],"about":[{"href":"https:\/\/www.przedszkole4.bwi.pl\/index.php\/wp-json\/wp\/v2\/types\/page"}],"author":[{"embeddable":true,"href":"https:\/\/www.przedszkole4.bwi.pl\/index.php\/wp-json\/wp\/v2\/users\/1"}],"replies":[{"embeddable":true,"href":"https:\/\/www.przedszkole4.bwi.pl\/index.php\/wp-json\/wp\/v2\/comments?post=37"}],"version-history":[{"count":19,"href":"https:\/\/www.przedszkole4.bwi.pl\/index.php\/wp-json\/wp\/v2\/pages\/37\/revisions"}],"predecessor-version":[{"id":11658,"href":"https:\/\/www.przedszkole4.bwi.pl\/index.php\/wp-json\/wp\/v2\/pages\/37\/revisions\/11658"}],"up":[{"embeddable":true,"href":"https:\/\/www.przedszkole4.bwi.pl\/index.php\/wp-json\/wp\/v2\/pages\/9"}],"wp:attachment":[{"href":"https:\/\/www.przedszkole4.bwi.pl\/index.php\/wp-json\/wp\/v2\/media?parent=37"}],"curies":[{"name":"wp","href":"https:\/\/api.w.org\/{rel}","templated":true}]}}