{"id":207,"date":"2019-05-31T00:24:39","date_gmt":"2019-05-30T22:24:39","guid":{"rendered":"http:\/\/bwi.home.pl\/przedszkole4\/wordpress\/?page_id=207"},"modified":"2023-11-14T19:46:01","modified_gmt":"2023-11-14T18:46:01","slug":"zbieramy-kolorowe-nakretki","status":"publish","type":"page","link":"https:\/\/www.przedszkole4.bwi.pl\/index.php\/wspieramy-i-pomagamy\/zbieramy-kolorowe-nakretki\/","title":{"rendered":"Zbieramy kolorowe nakr\u0119tki"},"content":{"rendered":"<p>Zbieramy r\u00f3wnie\u017c plastikowe korki od butelek na rzecz chorych i potrzebuj\u0105cych dzieci. Pomagamy chorym dzieciom ul\u017cy\u0107 w ich cierpieniu, nakr\u0119tka to tak niewiele, a tak du\u017ce ma znaczenie.<\/p>\n<p>&nbsp;<\/p>\n<p><img loading=\"lazy\" class=\"aligncenter size-full wp-image-8376\" src=\"https:\/\/www.przedszkole4.bwi.pl\/wp-content\/uploads\/2023\/11\/381182844_315918751028589_6875765950855653167_n.jpg\" alt=\"\" width=\"526\" height=\"770\" srcset=\"https:\/\/www.przedszkole4.bwi.pl\/wp-content\/uploads\/2023\/11\/381182844_315918751028589_6875765950855653167_n.jpg 526w, https:\/\/www.przedszkole4.bwi.pl\/wp-content\/uploads\/2023\/11\/381182844_315918751028589_6875765950855653167_n-205x300.jpg 205w\" sizes=\"(max-width: 526px) 100vw, 526px\" \/><\/p>\n","protected":false},"excerpt":{"rendered":"<p>Zbieramy r\u00f3wnie\u017c plastikowe korki od butelek na rzecz chorych i potrzebuj\u0105cych dzieci. Pomagamy chorym dzieciom ul\u017cy\u0107 w ich cierpieniu, nakr\u0119tka to tak niewiele, a tak du\u017ce ma znaczenie. &nbsp;<\/p>\n","protected":false},"author":1,"featured_media":0,"parent":197,"menu_order":0,"comment_status":"closed","ping_status":"closed","template":"","meta":[],"_links":{"self":[{"href":"https:\/\/www.przedszkole4.bwi.pl\/index.php\/wp-json\/wp\/v2\/pages\/207"}],"collection":[{"href":"https:\/\/www.przedszkole4.bwi.pl\/index.php\/wp-json\/wp\/v2\/pages"}],"about":[{"href":"https:\/\/www.przedszkole4.bwi.pl\/index.php\/wp-json\/wp\/v2\/types\/page"}],"author":[{"embeddable":true,"href":"https:\/\/www.przedszkole4.bwi.pl\/index.php\/wp-json\/wp\/v2\/users\/1"}],"replies":[{"embeddable":true,"href":"https:\/\/www.przedszkole4.bwi.pl\/index.php\/wp-json\/wp\/v2\/comments?post=207"}],"version-history":[{"count":5,"href":"https:\/\/www.przedszkole4.bwi.pl\/index.php\/wp-json\/wp\/v2\/pages\/207\/revisions"}],"predecessor-version":[{"id":8377,"href":"https:\/\/www.przedszkole4.bwi.pl\/index.php\/wp-json\/wp\/v2\/pages\/207\/revisions\/8377"}],"up":[{"embeddable":true,"href":"https:\/\/www.przedszkole4.bwi.pl\/index.php\/wp-json\/wp\/v2\/pages\/197"}],"wp:attachment":[{"href":"https:\/\/www.przedszkole4.bwi.pl\/index.php\/wp-json\/wp\/v2\/media?parent=207"}],"curies":[{"name":"wp","href":"https:\/\/api.w.org\/{rel}","templated":true}]}}