{"id":192,"date":"2019-09-03T23:53:20","date_gmt":"2019-09-03T21:53:20","guid":{"rendered":"http:\/\/bwi.home.pl\/przedszkole4\/wordpress\/?page_id=192"},"modified":"2023-11-14T19:36:17","modified_gmt":"2023-11-14T18:36:17","slug":"konsultacje-indywidualne","status":"publish","type":"page","link":"https:\/\/www.przedszkole4.bwi.pl\/index.php\/dla-rodzicow\/konsultacje-indywidualne\/","title":{"rendered":"Konsultacje indywidualne"},"content":{"rendered":"<p><strong><u>KONSULTACJE INDYWIDUALNE W ROKU 2023\/2024<\/u><\/strong><\/p>\n<p>W ramach godzin dost\u0119pno\u015bci nauczycieli w poszczeg\u00f3lnych grupach podanych na tablicach og\u0142osze\u0144 w szatni przedszkolnej.<\/p>\n<p>&nbsp;<\/p>\n","protected":false},"excerpt":{"rendered":"<p>KONSULTACJE INDYWIDUALNE W ROKU 2023\/2024 W ramach godzin dost\u0119pno\u015bci nauczycieli w poszczeg\u00f3lnych grupach podanych na tablicach og\u0142osze\u0144 w szatni przedszkolnej. &nbsp;<\/p>\n","protected":false},"author":1,"featured_media":0,"parent":33,"menu_order":3,"comment_status":"closed","ping_status":"closed","template":"","meta":[],"_links":{"self":[{"href":"https:\/\/www.przedszkole4.bwi.pl\/index.php\/wp-json\/wp\/v2\/pages\/192"}],"collection":[{"href":"https:\/\/www.przedszkole4.bwi.pl\/index.php\/wp-json\/wp\/v2\/pages"}],"about":[{"href":"https:\/\/www.przedszkole4.bwi.pl\/index.php\/wp-json\/wp\/v2\/types\/page"}],"author":[{"embeddable":true,"href":"https:\/\/www.przedszkole4.bwi.pl\/index.php\/wp-json\/wp\/v2\/users\/1"}],"replies":[{"embeddable":true,"href":"https:\/\/www.przedszkole4.bwi.pl\/index.php\/wp-json\/wp\/v2\/comments?post=192"}],"version-history":[{"count":13,"href":"https:\/\/www.przedszkole4.bwi.pl\/index.php\/wp-json\/wp\/v2\/pages\/192\/revisions"}],"predecessor-version":[{"id":8373,"href":"https:\/\/www.przedszkole4.bwi.pl\/index.php\/wp-json\/wp\/v2\/pages\/192\/revisions\/8373"}],"up":[{"embeddable":true,"href":"https:\/\/www.przedszkole4.bwi.pl\/index.php\/wp-json\/wp\/v2\/pages\/33"}],"wp:attachment":[{"href":"https:\/\/www.przedszkole4.bwi.pl\/index.php\/wp-json\/wp\/v2\/media?parent=192"}],"curies":[{"name":"wp","href":"https:\/\/api.w.org\/{rel}","templated":true}]}}