{"id":1753,"date":"2021-01-12T12:30:08","date_gmt":"2021-01-12T11:30:08","guid":{"rendered":"http:\/\/www.przedszkole4.bwi.pl\/?page_id=1753"},"modified":"2025-01-07T10:51:19","modified_gmt":"2025-01-07T09:51:19","slug":"przyjaciele-przedszkola","status":"publish","type":"page","link":"https:\/\/www.przedszkole4.bwi.pl\/index.php\/przyjaciele-przedszkola\/","title":{"rendered":"Przyjaciele przedszkola"},"content":{"rendered":"<p>Przyjaciele przedszkola<\/p>\n<p><strong><em>\u201eJeden mi\u0142y gest jest czasem wi\u0119cej wart ni\u017c wiele pi\u0119knych s\u0142\u00f3w\u201d<\/em><\/strong><\/p>\n<p><strong>Ph. Bosmans<\/strong><\/p>\n<p><strong>W tym miejscu chcieliby\u015bmy podzi\u0119kowa\u0107 Rodzicom, Firmom i Osobom prywatnym, kt\u00f3rzy wsp\u00f3\u0142pracuj\u0105 z naszym przedszkolem \u00a0przy organizacji r\u00f3\u017cnego rodzaju wydarze\u0144 oraz wspieraj\u0105 nas w naszej codziennej pracy<\/strong>.<\/p>\n<p>Oto honorowa lista darczy\u0144c\u00f3w przedszkola, kt\u00f3rzy pomogli nam przy okazji r\u00f3\u017cnego rodzaju przedsi\u0119wzi\u0119\u0107.<\/p>\n<p><strong>Za okazane serce \u2013 DZI\u0118KUJEMY!<\/strong><\/p>\n<p>Jeste\u015bmy otwarci na wszelk\u0105 form\u0119 wsp\u00f3\u0142pracy. Zach\u0119camy do przysy\u0142ania swoich propozycji na adres: przedszkole4.brzesko@brzesko.pl<\/p>\n<p><span style=\"color: #0000ff;\"><strong>Rok 2024\/2025<\/strong><\/span><\/p>\n<p><strong>Rodzice i osoby prywatne:<\/strong><\/p>\n<ul>\n<li>Pani Aneta Kania -mama Jakuba<\/li>\n<li>Pan Jacek Pierzynka- tata Kai<\/li>\n<li>Pani Klaudia Jurkiewicz- mama Zosi i Leona<\/li>\n<li>Pani Sabina Mikulska-mama Wadima<\/li>\n<li>Pani Natalia Bieniek<\/li>\n<li>Stanis\u0142aw Orlik<\/li>\n<\/ul>\n<p><strong>Firmy i instytucje:<\/strong><\/p>\n<ul>\n<li>Burmistrz Brzeska Tomasz Latocha<\/li>\n<li>Firma K&amp;K Recykling Folie Brzesko<\/li>\n<li>Bonne Sante -Oliwia Struga\u0142a<\/li>\n<\/ul>\n<p>&nbsp;<\/p>\n<p>&nbsp;<\/p>\n","protected":false},"excerpt":{"rendered":"<p>Przyjaciele przedszkola \u201eJeden mi\u0142y gest jest czasem wi\u0119cej wart ni\u017c wiele pi\u0119knych s\u0142\u00f3w\u201d Ph. Bosmans W tym miejscu chcieliby\u015bmy podzi\u0119kowa\u0107 Rodzicom, Firmom i Osobom prywatnym, kt\u00f3rzy wsp\u00f3\u0142pracuj\u0105 z naszym przedszkolem \u00a0przy organizacji r\u00f3\u017cnego rodzaju wydarze\u0144 oraz wspieraj\u0105 nas w naszej codziennej pracy. Oto honorowa lista darczy\u0144c\u00f3w przedszkola, kt\u00f3rzy pomogli nam przy okazji r\u00f3\u017cnego rodzaju przedsi\u0119wzi\u0119\u0107. <a href=\"https:\/\/www.przedszkole4.bwi.pl\/index.php\/przyjaciele-przedszkola\/\" class=\"more-link\">Czytaj dalej...<span class=\"screen-reader-text\"> \"Przyjaciele przedszkola\"<\/span><\/a><\/p>\n","protected":false},"author":2,"featured_media":0,"parent":0,"menu_order":0,"comment_status":"closed","ping_status":"closed","template":"","meta":[],"_links":{"self":[{"href":"https:\/\/www.przedszkole4.bwi.pl\/index.php\/wp-json\/wp\/v2\/pages\/1753"}],"collection":[{"href":"https:\/\/www.przedszkole4.bwi.pl\/index.php\/wp-json\/wp\/v2\/pages"}],"about":[{"href":"https:\/\/www.przedszkole4.bwi.pl\/index.php\/wp-json\/wp\/v2\/types\/page"}],"author":[{"embeddable":true,"href":"https:\/\/www.przedszkole4.bwi.pl\/index.php\/wp-json\/wp\/v2\/users\/2"}],"replies":[{"embeddable":true,"href":"https:\/\/www.przedszkole4.bwi.pl\/index.php\/wp-json\/wp\/v2\/comments?post=1753"}],"version-history":[{"count":15,"href":"https:\/\/www.przedszkole4.bwi.pl\/index.php\/wp-json\/wp\/v2\/pages\/1753\/revisions"}],"predecessor-version":[{"id":10831,"href":"https:\/\/www.przedszkole4.bwi.pl\/index.php\/wp-json\/wp\/v2\/pages\/1753\/revisions\/10831"}],"wp:attachment":[{"href":"https:\/\/www.przedszkole4.bwi.pl\/index.php\/wp-json\/wp\/v2\/media?parent=1753"}],"curies":[{"name":"wp","href":"https:\/\/api.w.org\/{rel}","templated":true}]}}