{"id":137,"date":"2019-03-13T00:54:50","date_gmt":"2019-03-12T23:54:50","guid":{"rendered":"http:\/\/bwi.home.pl\/przedszkole4\/wordpress\/?page_id=137"},"modified":"2019-05-31T00:43:47","modified_gmt":"2019-05-30T22:43:47","slug":"metody-pracy","status":"publish","type":"page","link":"https:\/\/www.przedszkole4.bwi.pl\/index.php\/metody-pracy\/","title":{"rendered":"Metody pracy"},"content":{"rendered":"<p><strong><u>METODY JAKIMI PRACUJEMY:<\/u><\/strong><\/p>\n<p>- AKTYWNEGO S\u0141UCHANIA MUZYKI, ZW\u0141ASZCZA KLASYCZNEJ, WG. B. STRAUSS<\/p>\n<p>- PEDAGOGIKI ZABAWY WG POLSKIEGO STOWARZYSZENIA PEDAGOG\u00d3W I ANIMATOR\u00d3W KLANZA<\/p>\n<p>- GIMNASTYKI TW\u00d3RCZEJ WG C. ORFFA I R. LABANA<\/p>\n<p>- \u0106WICZENIA P\u00d3LKUL M\u00d3ZGOWYCH\u00a0 WG B. DENNISONA<\/p>\n<p>- W. SHERBORNE<\/p>\n<p>- GIMNASTYKI A. I M. KNIESS\u00d3W<\/p>\n<p>- ZWI\u0104ZANE Z NAUKA CZYTANIA: M. BOGDANOWICZ, B. ROC\u0141AWSKIEGO I. MAJCHRZAK, G. DOMANNA I IN..,<\/p>\n<p>- DOBREGO STARTU M. BOGDANOWICZ<\/p>\n<p>- NAUKI MATEMATYKI PROF. E GRUSZCZYK \u2013 KOLCZY\u0143SKIEJ<\/p>\n<p>- NAUCZANIA TZW. \u201ePOZA KLAS\u0104\u201d,<\/p>\n<p>- MALOWANIA DZIESI\u0118CIOMA PALCAMI WG R. F. SHOW<\/p>\n<p>- RELAKSACJI STOPNIOWEJ WG E. JACOBSONA<\/p>\n<p>- TRENING AUTOGENNY WG A. POLENDER<\/p>\n<p>- SYMBOLI D\u0179WI\u0118KOWYCH<\/p>\n<p>-PRZEK\u0141ADU INTERSEMIOTYCZNEGO WG K. KRASO\u0143<\/p>\n<p>- DRAMY<\/p>\n<p>- WZORY I OBRAZKI WG M. FROSTIG, D. HORNE`A<\/p>\n<p>- EDUKACJI PRZEZ RUCH<\/p>\n<p>- PROJEKTU<\/p>\n","protected":false},"excerpt":{"rendered":"<p>METODY JAKIMI PRACUJEMY: - AKTYWNEGO S\u0141UCHANIA MUZYKI, ZW\u0141ASZCZA KLASYCZNEJ, WG. B. STRAUSS - PEDAGOGIKI ZABAWY WG POLSKIEGO STOWARZYSZENIA PEDAGOG\u00d3W I ANIMATOR\u00d3W KLANZA - GIMNASTYKI TW\u00d3RCZEJ WG C. ORFFA I R. LABANA - \u0106WICZENIA P\u00d3LKUL M\u00d3ZGOWYCH\u00a0 WG B. DENNISONA - W. SHERBORNE - GIMNASTYKI A. I M. KNIESS\u00d3W - ZWI\u0104ZANE Z NAUKA CZYTANIA: M. BOGDANOWICZ, B. <a href=\"https:\/\/www.przedszkole4.bwi.pl\/index.php\/metody-pracy\/\" class=\"more-link\">Czytaj dalej...<span class=\"screen-reader-text\"> \"Metody pracy\"<\/span><\/a><\/p>\n","protected":false},"author":1,"featured_media":0,"parent":0,"menu_order":0,"comment_status":"closed","ping_status":"closed","template":"","meta":[],"_links":{"self":[{"href":"https:\/\/www.przedszkole4.bwi.pl\/index.php\/wp-json\/wp\/v2\/pages\/137"}],"collection":[{"href":"https:\/\/www.przedszkole4.bwi.pl\/index.php\/wp-json\/wp\/v2\/pages"}],"about":[{"href":"https:\/\/www.przedszkole4.bwi.pl\/index.php\/wp-json\/wp\/v2\/types\/page"}],"author":[{"embeddable":true,"href":"https:\/\/www.przedszkole4.bwi.pl\/index.php\/wp-json\/wp\/v2\/users\/1"}],"replies":[{"embeddable":true,"href":"https:\/\/www.przedszkole4.bwi.pl\/index.php\/wp-json\/wp\/v2\/comments?post=137"}],"version-history":[{"count":3,"href":"https:\/\/www.przedszkole4.bwi.pl\/index.php\/wp-json\/wp\/v2\/pages\/137\/revisions"}],"predecessor-version":[{"id":223,"href":"https:\/\/www.przedszkole4.bwi.pl\/index.php\/wp-json\/wp\/v2\/pages\/137\/revisions\/223"}],"wp:attachment":[{"href":"https:\/\/www.przedszkole4.bwi.pl\/index.php\/wp-json\/wp\/v2\/media?parent=137"}],"curies":[{"name":"wp","href":"https:\/\/api.w.org\/{rel}","templated":true}]}}