{"id":136,"date":"2019-03-13T00:54:50","date_gmt":"2019-03-12T23:54:50","guid":{"rendered":"http:\/\/bwi.home.pl\/przedszkole4\/wordpress\/?page_id=136"},"modified":"2020-03-14T18:52:31","modified_gmt":"2020-03-14T17:52:31","slug":"grupa-v","status":"publish","type":"page","link":"https:\/\/www.przedszkole4.bwi.pl\/index.php\/grupa-v\/","title":{"rendered":"Grupa V &#8211; Plastusie"},"content":{"rendered":"<p><img loading=\"lazy\" class=\"aligncenter wp-image-286\" src=\"https:\/\/www.przedszkole4.bwi.pl\/wp-content\/uploads\/2019\/08\/Plastusie-e1565531538335-209x300.jpg\" alt=\"\" width=\"165\" height=\"237\" srcset=\"https:\/\/www.przedszkole4.bwi.pl\/wp-content\/uploads\/2019\/08\/Plastusie-e1565531538335-209x300.jpg 209w, https:\/\/www.przedszkole4.bwi.pl\/wp-content\/uploads\/2019\/08\/Plastusie-e1565531538335.jpg 714w\" sizes=\"(max-width: 165px) 100vw, 165px\" \/><\/p>\n<p>Cze\u015b\u0107, to my <strong>Plastusie<\/strong>, do naszej grupy ucz\u0119szczaj\u0105 dzieci 4,5 i 6 letnie.<br \/>\nW grupie \u201euczymy si\u0119 bawi\u0105c i bawimy ucz\u0105c\u201d.<br \/>\nWszystkie nasze dzia\u0142ania zmierzaj\u0105\u00a0do poznania siebie, dostrze\u017cenia innych,<br \/>\npoznania \u015bwiata.<br \/>\nUczymy si\u0119 te\u017c samodzielno\u015bci w dzia\u0142aniu.<br \/>\nW czasie zaj\u0119\u0107 \u015bpiewamy,\u00a0ta\u0144czymy,\u00a0wyklejamy, malujemy farbami,<br \/>\nkolorujemy.<br \/>\nBardzo lubimy\u00a0spacery\u00a0i zabawy w ogrodzie przedszkolnym.<br \/>\nZawsze dbamy o nasz\u0105\u00a0sal\u0119 sprz\u0105taj\u0105c\u00a0zabawki\u00a0oraz pomagaj\u0105c w jej<br \/>\nupi\u0119kszaniu i dekorowaniu.<br \/>\nPo zaj\u0119ciach \u00a0relaksujemy si\u0119 i odpoczywamy s\u0142uchaj\u0105c bajek i muzyki.<br \/>\nW przedszkolu czujemy si\u0119 naprawd\u0119 bezpiecznie, a ka\u017cdy kolejny<br \/>\ndzie\u0144 przynosi nam nowe, pozytywne wra\u017cenia.<\/p>\n<p><strong>\"Wszystkiego, co naprawd\u0119 warto wiedzie\u0107 nauczy\u0142em si\u0119 w przedszkolu\"<\/strong> <em>Robert Fulghum<\/em><\/p>\n<p><a href=\"https:\/\/www.przedszkole4.bwi.pl\/wp-content\/uploads\/2020\/03\/Gr.V-do-pobrania-karty-pracy.zip\">Gr.V - do pobrania karty pracy<\/a><\/p>\n","protected":false},"excerpt":{"rendered":"<p>Cze\u015b\u0107, to my Plastusie, do naszej grupy ucz\u0119szczaj\u0105 dzieci 4,5 i 6 letnie. W grupie \u201euczymy si\u0119 bawi\u0105c i bawimy ucz\u0105c\u201d. Wszystkie nasze dzia\u0142ania zmierzaj\u0105\u00a0do poznania siebie, dostrze\u017cenia innych, poznania \u015bwiata. Uczymy si\u0119 te\u017c samodzielno\u015bci w dzia\u0142aniu. W czasie zaj\u0119\u0107 \u015bpiewamy,\u00a0ta\u0144czymy,\u00a0wyklejamy, malujemy farbami, kolorujemy. Bardzo lubimy\u00a0spacery\u00a0i zabawy w ogrodzie przedszkolnym. Zawsze dbamy o nasz\u0105\u00a0sal\u0119 sprz\u0105taj\u0105c\u00a0zabawki\u00a0oraz <a href=\"https:\/\/www.przedszkole4.bwi.pl\/index.php\/grupa-v\/\" class=\"more-link\">Czytaj dalej...<span class=\"screen-reader-text\"> \"Grupa V &#8211; Plastusie\"<\/span><\/a><\/p>\n","protected":false},"author":1,"featured_media":0,"parent":0,"menu_order":0,"comment_status":"closed","ping_status":"closed","template":"","meta":[],"_links":{"self":[{"href":"https:\/\/www.przedszkole4.bwi.pl\/index.php\/wp-json\/wp\/v2\/pages\/136"}],"collection":[{"href":"https:\/\/www.przedszkole4.bwi.pl\/index.php\/wp-json\/wp\/v2\/pages"}],"about":[{"href":"https:\/\/www.przedszkole4.bwi.pl\/index.php\/wp-json\/wp\/v2\/types\/page"}],"author":[{"embeddable":true,"href":"https:\/\/www.przedszkole4.bwi.pl\/index.php\/wp-json\/wp\/v2\/users\/1"}],"replies":[{"embeddable":true,"href":"https:\/\/www.przedszkole4.bwi.pl\/index.php\/wp-json\/wp\/v2\/comments?post=136"}],"version-history":[{"count":5,"href":"https:\/\/www.przedszkole4.bwi.pl\/index.php\/wp-json\/wp\/v2\/pages\/136\/revisions"}],"predecessor-version":[{"id":1022,"href":"https:\/\/www.przedszkole4.bwi.pl\/index.php\/wp-json\/wp\/v2\/pages\/136\/revisions\/1022"}],"wp:attachment":[{"href":"https:\/\/www.przedszkole4.bwi.pl\/index.php\/wp-json\/wp\/v2\/media?parent=136"}],"curies":[{"name":"wp","href":"https:\/\/api.w.org\/{rel}","templated":true}]}}