{"id":135,"date":"2019-03-13T00:54:50","date_gmt":"2019-03-12T23:54:50","guid":{"rendered":"http:\/\/bwi.home.pl\/przedszkole4\/wordpress\/?page_id=135"},"modified":"2019-08-11T15:58:08","modified_gmt":"2019-08-11T13:58:08","slug":"grupa-iv","status":"publish","type":"page","link":"https:\/\/www.przedszkole4.bwi.pl\/index.php\/grupa-iv\/","title":{"rendered":"Grupa IV &#8211; Kubusie"},"content":{"rendered":"<p><strong>KUBUSIE- grupa IV starszaki.<\/strong><\/p>\n<p><img loading=\"lazy\" class=\"aligncenter size-medium wp-image-285\" src=\"https:\/\/www.przedszkole4.bwi.pl\/wp-content\/uploads\/2019\/08\/KUBUSIE-e1565531469648-206x300.jpg\" alt=\"\" width=\"206\" height=\"300\" srcset=\"https:\/\/www.przedszkole4.bwi.pl\/wp-content\/uploads\/2019\/08\/KUBUSIE-e1565531469648-206x300.jpg 206w, https:\/\/www.przedszkole4.bwi.pl\/wp-content\/uploads\/2019\/08\/KUBUSIE-e1565531469648.jpg 702w\" sizes=\"(max-width: 206px) 100vw, 206px\" \/><\/p>\n<p>Cze\u015b\u0107, to my Kubusie, jeste\u015bmy \u00a0grup\u0105 \u00a0do kt\u00f3rej ucz\u0119szczaj\u0105 najstarsze dzieci .<\/p>\n<p>Czujemy si\u0119 ju\u017c prawie doro\u015bli i tak si\u0119 zachowujemy. Wszyscy znaj\u0105 nas,<\/p>\n<p>jako kole\u017ce\u0144skie,\u00a0pracowite, zaradne i kulturalne dzieciaki.<\/p>\n<p>Bardzo lubimy przychodzi\u0107 do naszej sali w przedszkolu i wsp\u00f3lnie si\u0119 bawi\u0107. Najbardziej podobaj\u0105 nam si\u0119 zabawy, zaj\u0119cia ruchowe, plastyczne i\u00a0rytmiczne.<\/p>\n<p>Bardzo lubimy budowa\u0107 r\u00f3\u017cne konstrukcje i gra\u0107 w gry dydaktyczne \u2013 uk\u0142ada\u0107,\u00a0segregowa\u0107, przewleka\u0107 r\u00f3\u017cnorodne elementy .<\/p>\n<p>Uwielbiamy wycieczki i spacery, \u00a0zabawy w terenie.\u00a0Ch\u0119tnie wykonujemy trudne zadania i rozwi\u0105zujemy zagadki .<\/p>\n<p>Nied\u0142ugo powitamy szko\u0142\u0119, wi\u0119c musimy by\u0107 coraz dzielniejsi i m\u0105drzejsi<\/p>\n<p>i dlatego\u00a0\u00a0interesujemy si\u0119 ksi\u0105\u017ckami, literkami, cyferkami.<\/p>\n<p>W naszym przedszkolu czujemy\u00a0si\u0119 wspaniale.<\/p>\n","protected":false},"excerpt":{"rendered":"<p>KUBUSIE- grupa IV starszaki. Cze\u015b\u0107, to my Kubusie, jeste\u015bmy \u00a0grup\u0105 \u00a0do kt\u00f3rej ucz\u0119szczaj\u0105 najstarsze dzieci . Czujemy si\u0119 ju\u017c prawie doro\u015bli i tak si\u0119 zachowujemy. Wszyscy znaj\u0105 nas, jako kole\u017ce\u0144skie,\u00a0pracowite, zaradne i kulturalne dzieciaki. Bardzo lubimy przychodzi\u0107 do naszej sali w przedszkolu i wsp\u00f3lnie si\u0119 bawi\u0107. Najbardziej podobaj\u0105 nam si\u0119 zabawy, zaj\u0119cia ruchowe, plastyczne i\u00a0rytmiczne. <a href=\"https:\/\/www.przedszkole4.bwi.pl\/index.php\/grupa-iv\/\" class=\"more-link\">Czytaj dalej...<span class=\"screen-reader-text\"> \"Grupa IV &#8211; Kubusie\"<\/span><\/a><\/p>\n","protected":false},"author":1,"featured_media":0,"parent":0,"menu_order":0,"comment_status":"closed","ping_status":"closed","template":"","meta":[],"_links":{"self":[{"href":"https:\/\/www.przedszkole4.bwi.pl\/index.php\/wp-json\/wp\/v2\/pages\/135"}],"collection":[{"href":"https:\/\/www.przedszkole4.bwi.pl\/index.php\/wp-json\/wp\/v2\/pages"}],"about":[{"href":"https:\/\/www.przedszkole4.bwi.pl\/index.php\/wp-json\/wp\/v2\/types\/page"}],"author":[{"embeddable":true,"href":"https:\/\/www.przedszkole4.bwi.pl\/index.php\/wp-json\/wp\/v2\/users\/1"}],"replies":[{"embeddable":true,"href":"https:\/\/www.przedszkole4.bwi.pl\/index.php\/wp-json\/wp\/v2\/comments?post=135"}],"version-history":[{"count":4,"href":"https:\/\/www.przedszkole4.bwi.pl\/index.php\/wp-json\/wp\/v2\/pages\/135\/revisions"}],"predecessor-version":[{"id":296,"href":"https:\/\/www.przedszkole4.bwi.pl\/index.php\/wp-json\/wp\/v2\/pages\/135\/revisions\/296"}],"wp:attachment":[{"href":"https:\/\/www.przedszkole4.bwi.pl\/index.php\/wp-json\/wp\/v2\/media?parent=135"}],"curies":[{"name":"wp","href":"https:\/\/api.w.org\/{rel}","templated":true}]}}